7?
818
In base 3, what is 10 + 102022211212?
102022211222
In base 5, what is 123 - -43111?
43234
In base 4, what is -23 + 1210330?
1210301
In base 16, what is -28 + -19b?
-1c3
In base 4, what is 3 - -1201023212?
1201023221
In base 15, what is 553 - 374?
1ce
In base 6, what is 4 + 1124531?
1124535
In base 10, what is -39571 + 6?
-39565
In base 15, what is 13c3 + -17?
13ab
In base 6, what is 11411 + -35?
11332
In base 12, what is 3 - -22468?
2246b
In base 11, what is -2415 - -19?
-23a7
In base 3, what is -10000101201012 + 10?
-10000101201002
In base 9, what is 840507 + 2?
840510
In base 13, what is 2 - 12ac2?
-12ac0
In base 14, what is -2063 + -38?
-209b
In base 3, what is -101 - 211010211?
-211011012
In base 9, what is -75750 - -3?
-75746
In base 7, what is 1 - 6443?
-6442
In base 14, what is 1993 + 8?
199b
In base 4, what is 111103 - -22?
111131
In base 2, what is 0 - -11110101010010?
11110101010010
In base 10, what is 1 + -49614?
-49613
In base 14, what is -6d21bd - -4?
-6d21b9
In base 16, what is 3 - 439?
-436
In base 2, what is -101 - 111100011011011?
-111100011100000
In base 5, what is 1014 + 31112?
32131
In base 10, what is -132 - -992?
860
In base 2, what is -10000011100 + -100111100001?
-110111111101
In base 10, what is 82 + -10011?
-9929
In base 12, what is -2 - 1467?
-1469
In base 4, what is 2 - -320230322?
320230330
In base 2, what is -11000 + 100100111?
100001111
In base 12, what is 236 - -2?
238
In base 11, what is -18180 + -5?
-18185
In base 14, what is -1c + -1d94?
-1db2
In base 16, what is 83ef3 + 1?
83ef4
In base 5, what is 123142 + 1011?
124203
In base 8, what is 1 + 1003570?
1003571
In base 15, what is 8a + -1253?
-11b8
In base 2, what is 1110 + 11001001?
11010111
In base 8, what is -601 + 6?
-573
In base 12, what is -160518 - 3?
-16051b
In base 2, what is -1101110000010001001 - -100?
-1101110000010000101
In base 13, what is 106c3 + 4?
106c7
In base 8, what is 3346110 - 4?
3346104
In base 4, what is 301111131 + 0?
301111131
In base 7, what is -1463503 + 2?
-1463501
In base 15, what is -b9b6 + -5?
-b9bb
In base 2, what is 101100 + 1111101101110?
1111110011010
In base 4, what is 12 + 11131133?
11131211
In base 13, what is -10 - -30ac3?
30ab3
In base 15, what is -c2a01 + -4?
-c2a05
In base 7, what is 113 - -1014?
1130
In base 2, what is 100110 - 10000111001010100?
-10000111000101110
In base 14, what is -304b4 - 0?
-304b4
In base 8, what is -3 - 154754?
-154757
In base 15, what is 5 + -8d9b1?
-8d9ab
In base 2, what is -11000 - -100010000?
11111000
In base 13, what is -5 - 14a75?
-14a7a
In base 12, what is -b5b - -531?
-62a
In base 7, what is 222 + 3250?
3502
In base 3, what is 100222 - 100201?
21
In base 2, what is 10111110101 - 11000110?
10100101111
In base 12, what is 6668a + 17?
666a5
In base 4, what is -2 - -2210102023?
2210102021
In base 7, what is 10503 - -6?
10512
In base 12, what is 4a38 - 5?
4a33
In base 10, what is 3 + -425027?
-425024
In base 13, what is 5 + 328?
330
In base 9, what is 156687 - -16?
156714
In base 12, what is 429 - 18?
411
In base 2, what is -11010 + 111110010101011011?
111110010101000001
In base 12, what is -5908b - 5?
-59094
In base 12, what is 5 + -4a98?
-4a93
In base 10, what is -9 - 13198?
-13207
In base 15, what is -3 + -72a1?
-72a4
In base 16, what is -1569 + 10?
-1559
In base 10, what is -1674 - -6?
-1668
In base 5, what is 220223 + 0?
220223
In base 6, what is -2 + 112213?
112211
In base 5, what is -1440232 - -31?
-1440201
In base 5, what is 21133332 + 123?
21134010
In base 9, what is 67703 - -6?
67710
In base 15, what is 2 - acd?
-acb
In base 7, what is -22261 + 0?
-22261
In base 7, what is -43013 + -163?
-43206
In base 12, what is -5 - 660b?
-6614
In base 2, what is 100 - -1000000001?
1000000101
In base 11, what is -42 + -76378?
-7640a
In base 13, what is 61716 - 4?
61712
In base 10, what is 824 - 4?
820
In base 5, what is -21 + 42222?
42201
In base 13, what is -999 + 9?
-990
In base 13, what is 0 + 4808?
4808
In base 2, what is -1101111110100111 + -11?
-1101111110101010
In base 4, what is -223000320 - 10?
-223000330
In base 16, what is 21 + 3540?
3561
In base 14, what is b25c5 + -4?
b25c1
In base 12, what is 4193706 - 4?
4193702
In base 11, what is 2 + -4129?
-4127
In base 2, what is 101 + 10100111011?
10101000000
In base 10, what is 25 + 676?
701
In base 15, what is 20c + 26a?
477
In base 9, what is -171245 - -5?
-171240
In base 3, what is 11221 - 120210?
-101212
In base 11, what is 479 + 36?
504
In base 6, what is -201 + -4200?
-4401
In base 9, what is 843 + 8?
852
In base 4, what is -1002202232 - 0?
-1002202232
In base 15, what is 6 + 300da?
300e1
In base 12, what is -2b4 + 0?
-2b4
In base 6, what is 115 - 1212121?
-1212002
In base 6, what is 143 - -2330?
2513
In base 10, what is -2472 - -10?
-2462
In base 16, what is -5 + 672?
66d
In base 5, what is -131 - 3010?
-3141
In base 8, what is -720235 + -3?
-720240
In base 12, what is -4 - 18900?
-18904
In base 16, what is -3 + -2eb6?
-2eb9
In base 9, what is 4 - 238252?
-238247
In base 16, what is -4d3 - -6e?
-465
In base 11, what is -1314 - 2a8?
-1611
In base 14, what is -22 - -34756?
34734
In base 3, what is 11012211 + -120120?
10122021
In base 7, what is 0 - 665?
-665
In base 2, what is -11 + 110001111100101?
110001111100010
In base 8, what is -1267 - -55?
-1212
In base 8, what is 4 + 2525?
2531
In base 8, what is -45 + -6066?
-6133
In base 4, what is 0 - -213101300?
213101300
In base 11, what is -614690 - 1?
-614691
In base 8, what is 52 + 1574?
1646
In base 13, what is -50b1b + 3?
-50b18
In base 15, what is 57 - a9d?
-a46
In base 16, what is -c70a + -1e?
-c728
In base 4, what is -31011301 + -10?
-31011311
In base 9, what is 1 - 68260?
-68258
In base 12, what is 4 - -5633?
5637
In base 12, what is -681 + -20a?
-88b
In base 3, what is 2110120 + -2001?
2101112
In base 7, what is -30 - 2535?
-2565
In base 5, what is 2302104 - 3?
2302101
In base 4, what is 103301200 + 11?
103301211
In base 12, what is 27 - 25089?
-25062
In base 8, what is -46 - -13636?
13570
In base 11, what is 50 + -23a?
-19a
In base 5, what is -42 - -4444404?
4444312
In base 15, what is -4 - -3735?
3731
In base 11, what is -11924 - 10?
-11934
In base 3, what is -2020212 - 110010?
-2200222
In base 2, what is -110110100100010101 + -11?
-110110100100011000
In base 15, what is 38c76 - -3?
38c79
In base 4, what is 101111221 - 123?
101111032
In base 7, what is -1 - -143132?
143131
In base 6, what is 3 + -1024353?
-1024350
In base 5, what is -2032 - -101000?
43413
In base 2, what is -10 - -100010100100?
100010100010
In base 7, what is -10 + 303016?
303006
In base 16, what is 152 - 5?
14d
In base 7, what is -611202 + 1?
-611201
In base 15, what is -3c - 4c97?
-4cd4
In base 13, what is -334a + -2?
-334c
In base 5, what is 0 - 142032?
-142032
In base 16, what is -289 - 7?
-290
In base 13, what is 8526 + 28?
8551
In base 4, what is -2 + -231322?
-231330
In base 10, what is 1302 + 38?
1340
In base 8, what is 34 + -1155?
-1121
In base 5, what is -13101 - -103103?
40002
In base 8, what is -276 - 56544?
-57042
In base 2, what is 110 + -101000101011101010?
-101000101011100100
In base 11, what is 7a55 + -122?
7933
In base 11, what is 30a71 + 4?
30a75
In base 3, what is -1020210 - -222?
-1012211
In base 6, what is 34350 - 215?
34131
In base 2, what is -1001011 - -1100111111?
1011110100
In base 3, what is -12021020210 + 1?
-12021020202
In base 15, what is -717 - 1c2?
-8d9
In base 6, what is -2 - 351305?
-351311
In base 11, what is 10a7 + 63?
115a
In base 3, what is 21000 + -1012?
12211
In base 8, what is -762 + 1674?
712
In base 7, what is -233 - 252?
-515
In base 9, what is -1 + -4735?
-4736
In base 6, what is -3 + -233215?
-233222
In base 15, what is 0 - -12548?
12548
In base 7, what is 4 + 11032?
11036
In base 4, what is 102 - -200032?
200200
In base 15, what is -5e - b41e?
-b47d
In base 6, what is -555 + -112?
-1111
In base 16, what is -35d0 + a?
-35c6
In base 14, what is 4 + -3b57?
-3b53
In base 3, what is -2000020 - 100011?
-2100101
In base 13, what is -7b - 130?
-1ab
In base 9, what is 281051 + 2?
281053
In base 13, what is -5 + -2bb7?
-2bbc
In base 14, what is -24 - 647?
-66b
In base 7, what is -44231 + -5?
-44236
In base 5, what is -1024 - 210?
-1234
In base 10, what is 35715 - 